
Is 58 a factor of 14924137?
False
Does 14 divide 95944?
False
Is 3 a factor of 118077?
True
Is 143463 a multiple of 273?
False
Is 11 a factor of 191235?
True
Does 14 divide 4262384?
True
Is 9 a factor of 1451979?
True
Does 116 divide 257520?
True
Is 272 a factor of 421056?
True
Is 80434 a multiple of 307?
True
Does 796 divide 432228?
True
Is 252 a factor of 826077?
False
Is 306918 a multiple of 18?
True
Does 37 divide 3747434?
True
Is 7394114 a multiple of 94?
False
Is 44827 even?
False
Is 891 a multiple of 99?
True
Is 107387 a multiple of 18?
False
Does 11 divide 189881?
False
Is 42496 a multiple of 59?
False
Does 105 divide 433755?
True
Does 92 divide 587972?
True
Is 87 a factor of 496335?
True
Is 5 a factor of 465292?
False
Does 13 divide 6484855?
True
Is 2507689 a multiple of 747?
False
Does 111 divide 42735?
True
Does 5 divide 355220?
True
Does 26 divide 50882?
True
Does 18 divide 226278?
True
Does 67 divide 11675286?
True
Is 142 a factor of 423018?
True
Does 19 divide 376683?
False
Is 114 a factor of 1363440?
True
Is 294 a factor of 206355?
False
Is 652764 a multiple of 57?
True
Is 3321310 a multiple of 10?
True
Is 24 a factor of 290624?
False
Is 1008280 a multiple of 104?
True
Is 11409090 a multiple of 110?
True
Does 11 divide 2720987?
False
Is 1105480 a multiple of 58?
True
Is 101484 a multiple of 87?
False
Is 185 a factor of 232545?
True
Is 6445747 a multiple of 9?
False
Is 7 a factor of 1765015?
True
Is 4148681 a multiple of 18?
False
Is 126 a factor of 15645740?
False
Does 5 divide 87575?
True
Is 4 a factor of 210508?
True
Is 138173 a multiple of 32?
False
Is 5418512 a multiple of 65?
False
Is 381950 a multiple of 25?
True
Is 100 a factor of 149300?
True
Is 260 a factor of 182770?
False
Is 26559387 a multiple of 170?
False
Is 79090 a multiple of 22?
True
Is 13787968 a multiple of 32?
True
Does 538 divide 1724828?
True
Is 12 a factor of 6916802?
False
Does 25 divide 11326700?
True
Is 16333 a multiple of 22?
False
Does 53 divide 1613940?
False
Is 513945 a multiple of 243?
True
Does 191 divide 1409962?
True
Does 6 divide 34743?
False
Is 47 a factor of 43099?
True
Is 223102 a multiple of 22?
True
Is 1324357 a multiple of 2?
False
Does 167 divide 74148?
True
Is 15 a factor of 264780?
True
Does 3 divide 7794?
True
Is 1288478 a multiple of 47?
False
Is 22 a factor of 9069104?
True
Is 926040 a multiple of 4?
True
Is 251327 a multiple of 25?
False
Is 17630305 a multiple of 1771?
True
Does 730 divide 3414210?
True
Does 207 divide 106915?
False
Is 889 a factor of 11794363?
True
Does 10 divide 175211?
False
Is 10 a factor of 712950?
True
Is 429 a factor of 1648058?
False
Is 5 a factor of 318915?
True
Does 223 divide 1335101?
True
Is 514 a factor of 2069364?
True
Is 1413 a factor of 6112887?
False
Is 23 a factor of 7636?
True
Does 189 divide 2145238?
False
Is 11247309 a multiple of 2133?
True
Is 17800 a multiple of 40?
True
Is 509852 a multiple of 124?
False
Is 4171 a multiple of 43?
True
Is 220343 a multiple of 26?
False
Is 16 a factor of 170236?
False
Does 11 divide 569888?
True
Is 6 a factor of 9404082?
True
Is 39029 a multiple of 26?
False
Is 20990 a multiple of 10?
True
Does 14 divide 599?
False
Is 20 a factor of 1096240?
True
Does 663 divide 10513854?
True
Is 81 a factor of 15223869?
True
Does 263 divide 6838?
True
Is 5 a factor of 156143?
False
Does 215 divide 208980?
True
Does 2 divide 7858?
True
Is 6674016 a multiple of 456?
True
Is 1324 even?
True
Is 74 a factor of 2064770?
False
Is 30 a factor of 2053748?
False
Does 30 divide 1350552?
False
Is 371 a factor of 1589349?
False
Is 21797 a multiple of 67?
False
Is 37430 a multiple of 38?
True
Does 120 divide 1833120?
True
Is 4 a factor of 4433479?
False
Is 8 a factor of 1900356?
False
Is 59 a factor of 106643?
False
Is 199 a factor of 4599487?
True
Is 9 a factor of 1730920?
False
Is 155 a factor of 763053?
False
Is 55656 a multiple of 18?
True
Does 13 divide 753256?
False
Does 81 divide 20236549?
False
Is 31 a factor of 798108?
False
Is 110904 a multiple of 24?
True
Is 364105 a multiple of 460?
False
Is 8370621 a multiple of 189?
True
Is 77774 a multiple of 27?
False
Is 1415994 a multiple of 192?
False
Is 12150 a multiple of 5?
True
Is 76091 a multiple of 43?
False
Is 285471 a multiple of 3?
True
Is 272 a factor of 372096?
True
Is 20484 a multiple of 12?
True
Is 276 a factor of 32367?
False
Does 20 divide 7691280?
True
Is 2 a factor of 622868?
True
Is 20 a factor of 114460?
True
Is 4621281 a multiple of 21?
True
Is 41 a factor of 695?
False
Does 704 divide 1162859?
False
Does 9 divide 87759?
True
Does 268 divide 69789?
False
Is 116 a factor of 1168904?
False
Does 81 divide 1471326?
False
Does 4 divide 77258?
False
Is 227280 a multiple of 9?
False
Is 380 a factor of 3225440?
True
Is 44 a factor of 6089688?
True
Does 14 divide 10447241?
False
Does 97 divide 52093?
False
Does 21 divide 53569?
False
Is 43044 a multiple of 102?
True
Does 28 divide 2145892?
True
Does 402 divide 1300470?
True
Does 106 divide 2227908?
True
Does 155 divide 6439776?
False
Is 126008 a multiple of 8?
True
Is 35 a factor of 476236?
False
Is 8232 even?
True
Does 132 divide 58624?
False
Is 29480 a multiple of 134?
True
Is 671 a factor of 224948?
False
Is 1176384 a multiple of 192?
True
Is 119454 a multiple of 186?
False
Is 9 a factor of 28692?
True
Is 531 a factor of 217179?
True
Is 6086650 a multiple of 19?
True
Is 2178468 a multiple of 108?
True
Does 18 divide 69574?
False
Is 14 a factor of 421512?
True
Does 36 divide 1737576?
True
Is 900624 a multiple of 275?
False
Is 161 a factor of 2582731?
False
Does 36 divide 133020?
True
Is 2790078 a multiple of 1821?
False
Is 3326234 a multiple of 24?
False
Is 7 a factor of 1820781?
False
Does 13 divide 275015?
True
Does 109 divide 252781?
False
Does 1267 divide 3144651?
False
Is 500612 a multiple of 23?
False
Does 20 divide 3086820?
True
Is 100 a factor of 486700?
True
Is 26 a factor of 387885?
False
Does 17 divide 17315962?
True
Is 526147 a multiple of 8?
False
Does 67 divide 147844?
False
Is 210391 a multiple of 3?
False
Does 1743 divide 14160865?
False
Does 15 divide 102418?
False
Does 31 divide 6513603?
False
Is 30 a factor of 4165350?
True
Is 10 a factor of 1698203?
False
Is 98320 a multiple of 10?
True
Does 92 divide 4992720?
False
Is 26 a factor of 1238640?
True
Is 1170 a multiple of 130?
True
Is 470 a factor of 101050?
True
Is 13 a factor of 5169794?
False
Does 1140 divide 3850362?
False
Is 213 a factor of 627711?
True
Does 194 divide 297679?
False
Is 3344623 a multiple of 79?
True
Is 1139258 a multiple of 82?
False
Is 471996 a multiple of 63?
True
Is 120 a factor of 374400?
True
Is 10 a factor of 2496375?
False
Is 120728 a multiple of 632?
False
Is 4108 a multiple of 13?
True
Is 188978 a multiple of 121?
False
Does 95 divide 421287?
False
Is 5 a factor of 4041497?
False
Is 2663955 a multiple of 189?
True
Does 98 divide 152828?
False
Is 126253 a multiple of 34?
False
Does 11 divide 14951?
False
Is 27 a factor of 6216210?
True
Is 5064660 a multiple of 54?
True
Is 686743 a multiple of 31?
True
Is 1072420 a multiple of 86?
True
Is 188568 a multiple of 194?
True
Is 920 a factor of 29247720?
True
Is 400325 a multiple of 278?
False
Is 5666 a multiple of 3?
False
Is 398 a factor of 1388027?
False
Does 13 divide 452453?
False
Is 356928 a multiple of 286?
True
Does 37 divide 201253?
False
Does 15 divide 51757?
False
Is 209057 a multiple of 6?
False
Is 5063280 a multiple of 730?
True
Is 94 a factor of 325334?
True
Is 24 a factor of 680976?
True
Is 23 a factor of 360065?
True
Does 224 divide 272135?
False
Is 13 a factor of 423912?
False
Is 479479 a multiple of 13?
True
Is 408954 a multiple of 39?
True
Does 428 divide 54742?
False
Is 128 a factor of 1361922?
False
Is 13 a factor of 10218?
True
Does 27 divide 17505639?
True
Does 44 divide 1377155?
False
Is 35 a factor of 473935?
True
Does 65 divide 363545?
True
Does 450 divide 228150?
True
Does 22 divide 11218966?
True
Is 4 a factor of 105369?
False
Is 199 a factor of 29236?
False
Is 282408 a multiple of 810?
False
Is 46 a factor of 3117190?
True
Is 160 a factor of 40000?
True
Is 62654 a multiple of 28?
False
Is 135188 a multiple of 450?
False
Does 6 divide 467694?
True
Is 190 a factor of 238201?
False
Does 44 divide 293878?
F